he remainder when 1481 is divided by 561?
359
Calculate the remainder when 78590 is divided by 1022.
918
Calculate the remainder when 9486 is divided by 558.
0
Calculate the remainder when 70698 is divided by 20.
18
What is the remainder when 8476 is divided by 214?
130
What is the remainder when 17538 is divided by 209?
191
What is the remainder when 428 is divided by 86?
84
What is the remainder when 971 is divided by 378?
215
Calculate the remainder when 51782 is divided by 411.
407
Calculate the remainder when 531 is divided by 60.
51
Calculate the remainder when 14428 is divided by 897.
76
Calculate the remainder when 4285 is divided by 225.
10
Calculate the remainder when 15849 is divided by 4352.
2793
What is the remainder when 521 is divided by 412?
109
What is the remainder when 115462 is divided by 20?
2
Calculate the remainder when 81982 is divided by 48.
46
What is the remainder when 3588 is divided by 1482?
624
Calculate the remainder when 1083 is divided by 69.
48
Calculate the remainder when 31612 is divided by 10253.
853
What is the remainder when 202633 is divided by 1427?
1426
What is the remainder when 813821 is divided by 96?
29
What is the remainder when 13715 is divided by 414?
53
Calculate the remainder when 1162 is divided by 4.
2
Calculate the remainder when 7947 is divided by 3105.
1737
What is the remainder when 574733 is divided by 191577?
2
Calculate the remainder when 983079 is divided by 89370.
9
Calculate the remainder when 30949 is divided by 183.
22
What is the remainder when 2707 is divided by 423?
169
What is the remainder when 1293 is divided by 48?
45
Calculate the remainder when 604483 is divided by 604478.
5
What is the remainder when 34851 is divided by 130?
11
What is the remainder when 37889 is divided by 1646?
31
What is the remainder when 13177 is divided by 19?
10
What is the remainder when 319549 is divided by 87?
85
What is the remainder when 12553 is divided by 47?
4
What is the remainder when 180623 is divided by 2913?
17
Calculate the remainder when 20357 is divided by 8.
5
Calculate the remainder when 556387 is divided by 27.
25
What is the remainder when 3483 is divided by 17?
15
What is the remainder when 621 is divided by 313?
308
Calculate the remainder when 1706 is divided by 129.
29
What is the remainder when 1581837 is divided by 1352?
1349
Calculate the remainder when 348495 is divided by 342.
339
Calculate the remainder when 22463 is divided by 607.
4
What is the remainder when 5906 is divided by 2755?
396
What is the remainder when 4647 is divided by 500?
147
Calculate the remainder when 62112 is divided by 123.
120
Calculate the remainder when 19992 is divided by 19978.
14
Calculate the remainder when 12611 is divided by 68.
31
Calculate the remainder when 11727 is divided by 803.
485
Calculate the remainder when 77070 is divided by 67.
20
Calculate the remainder when 4575 is divided by 44.
43
Calculate the remainder when 70804 is divided by 212.
208
Calculate the remainder when 3985 is divided by 3976.
9
What is the remainder when 19356 is divided by 6413?
117
What is the remainder when 72225 is divided by 52?
49
Calculate the remainder when 160541 is divided by 16050.
41
Calculate the remainder when 26269 is divided by 63.
61
Calculate the remainder when 9332 is divided by 549.
548
Calculate the remainder when 14592 is divided by 200.
192
What is the remainder when 28993 is divided by 491?
24
Calculate the remainder when 1458 is divided by 357.
30
Calculate the remainder when 74465 is divided by 3379.
127
What is the remainder when 969158 is divided by 969158?
0
Calculate the remainder when 85245 is divided by 523.
519
Calculate the remainder when 272364 is divided by 29.
25
What is the remainder when 1537 is divided by 167?
34
What is the remainder when 13426 is divided by 1910?
56
What is the remainder when 635 is divided by 76?
27
What is the remainder when 690739 is divided by 68?
63
What is the remainder when 334168 is divided by 18?
16
Calculate the remainder when 4236 is divided by 805.
211
Calculate the remainder when 1135 is divided by 1128.
7
What is the remainder when 1449 is divided by 216?
153
What is the remainder when 24853 is divided by 518?
507
What is the remainder when 192285 is divided by 82?
77
What is the remainder when 1696 is divided by 1670?
26
What is the remainder when 27141 is divided by 522?
519
What is the remainder when 679 is divided by 308?
63
What is the remainder when 2570 is divided by 193?
61
What is the remainder when 527419 is divided by 57?
55
Calculate the remainder when 16983 is divided by 22.
21
What is the remainder when 376 is divided by 47?
0
Calculate the remainder when 38509 is divided by 428.
417
Calculate the remainder when 2257 is divided by 299.
164
Calculate the remainder when 1458 is divided by 90.
18
Calculate the remainder when 5587 is divided by 2530.
527
Calculate the remainder when 27880 is divided by 136.
0
Calculate the remainder when 39633 is divided by 2085.
18
What is the remainder when 239215 is divided by 6834?
25
Calculate the remainder when 1301571 is divided by 20337.
3
What is the remainder when 1689 is divided by 88?
17
What is the remainder when 5174 is divided by 194?
130
Calculate the remainder when 16290 is divided by 4069.
14
Calculate the remainder when 3534399 is divided by 188.
187
Calculate the remainder when 7024 is divided by 35.
24
Calculate the remainder when 4190 is divided by 3.
2
Calculate the remainder when 737671 is divided by 184.
15
Calculate the remainder when 26650 is divided by 68.
62
What is the remainder when 11170 is divided by 73?
1
What is the remainder when 226 is divided by 77?
72
What is the remainder when 91298 is divided by 25?
23
What is the remainder when 296161 is divided by 21?
19
What is the remainder when 11552 is divided by 1424?
160
Calculate the remainder when 266096 is divided by 20.
16
Calculate the remainder when 17631 is divided by 8808.
15
What is the remainder when 81489 is divided by 101?
83
What is the remainder when 13263 is divided by 52?
3
What is the remainder when 14861 is divided by 7358?
145
What is the remainder when 9951 is divided by 249?
240
What is the remainder when 138992 is divided by 9?
5
What is the remainder when 18320 is divided by 56?
8
Calculate the remainder when 201330 is divided by 16.
2
What is the remainder when 8494 is divided by 530?
14
Calculate the remainder when 180960 is divided by 36190.
10
Calculate the remainder when 1054 is divided by 107.
91
What is the remainder when 39491 is divided by 705?
11
What is the remainder when 1958317 is divided by 182?
179
What is the remainder when 13253 is divided by 542?
245
What is the remainder when 79166 is divided by 428?
414
What is the remainder when 6468 is divided by 436?
364
Calculate the remainder when 10066 is divided by 13.
4
What is the remainder when 12196 is divided by 95?
36
Calculate the remainder when 3372 is divided by 1263.
846
What is the remainder when 30732 is divided by 47?
41
What is the remainder when 2072303 is divided by 48?
47
What is the remainder when 156917 is divided by 43?
10
What is the remainder when 45396 is divided by 117?
0
What is the remainder when 253869 is divided by 253858?
11
What is the remainder when 266697 is divided by 24?
9
What is the remainder when 63243 is divided by 55?
48
What is the remainder when 219429 is divided by 6269?
14
What is the remainder when 49921 is divided by 2?
1
What is the remainder when 212312 is divided by 9?
2
What is the remainder when 2811 is divided by 934?
9
Calculate the remainder when 123941 is divided by 244.
233
What is the remainder when 573838 is divided by 48?
46
Calculate the remainder when 4400 is divided by 565.
445
Calculate the remainder when 3408 is divided by 20.
8
Calculate the remainder when 1300 is divided by 429.
13
Calculate the remainder when 21457 is divided by 367.
171
What is the remainder when 1990 is divided by 1981?
9
Calculate the remainder when 7428 is divided by 495.
3
Calculate the remainder when 66348 is divided by 50.
48
What is the remainder when 13271 is divided by 631?
20
What is the remainder when 2709 is divided by 2452?
257
Calculate the remainder when 5367 is divided by 